Give k(-2).
-215
Let f(d) = -d**3 - 34*d**2 + 27*d - 282. What is f(-35)?
-2
Let v(a) = 20*a + 40. Determine v(-8).
-120
Let t(i) = -i**2 - 20*i + 4. Determine t(-16).
68
Let k(n) = 216*n - 21186. Give k(98).
-18
Let h(n) = -2*n**2 - 46*n - 4. What is h(-21)?
80
Let i(s) = -s**2 - 744*s - 5901. Determine i(-8).
-13
Let z(k) = -5*k + 197. Give z(44).
-23
Let r(a) = a**3 + 265*a**2 - 20265*a - 555. Give r(62).
3
Let o(j) = 99*j + 60. What is o(3)?
357
Let i(o) = -16*o + 339. Determine i(16).
83
Let z(a) = -149*a**2 + 601*a - 16. Determine z(4).
4
Let o(m) = -9*m**3 - 65*m**2 + 263*m + 136. What is o(-10)?
6
Let n(s) = s**3 + 41*s**2 + 114*s + 22. Give n(-38).
22
Let j(r) = r**2 + 22*r + 118. Determine j(-13).
1
Let q(g) = -97*g + 215. Give q(1).
118
Let c(s) = -49*s + 3572. What is c(75)?
-103
Let c(r) = 10*r + 56. Calculate c(-10).
-44
Let d(n) = -12*n**3 - 2*n**2 + 13*n + 29. Calculate d(-2).
91
Let o(w) = 9*w**2 + 40*w - 423. Calculate o(8).
473
Let c(g) = g**2 + 6*g - 380. Determine c(-20).
-100
Let c(o) = o**3 + 13*o**2 + 24*o + 20. Determine c(-11).
-2
Let r(g) = -g**2 - 86*g + 27381. What is r(128)?
-11
Let v(a) = -a**2 - 111*a - 7. Determine v(0).
-7
Let p(z) = -z**2 - 101*z + 712. Give p(7).
-44
Let x(z) = -z**2 - 30*z - 141. Determine x(-23).
20
Let r(h) = -h**2 + 10*h + 259. Calculate r(24).
-77
Let k(a) = 26*a**3 - 4*a**2 - 7*a + 19. Calculate k(2).
197
Let o(v) = -4162*v + 33297. What is o(8)?
1
Let q(r) = r**2 + 2*r - 193. Calculate q(-17).
62
Let a(z) = -z**3 + z**2 + 11*z - 12. What is a(2)?
6
Let x(a) = -826*a - 8245. Calculate x(-10).
15
Let h(s) = s**2 + 212*s - 2642. Determine h(12).
46
Let g(k) = k**2 - 39*k + 381. What is g(23)?
13
Let u(j) = 21*j + 1267. What is u(-62)?
-35
Let z(l) = -74*l**2 + 713*l + 710. Give z(-1).
-77
Let y(i) = -49*i + 437. Give y(10).
-53
Let q(m) = -494*m + 1594. Give q(4).
-382
Let r(v) = 11*v**2 + 30*v - 199. Give r(3).
-10
Let y(q) = q**3 + 10*q**2 + 3*q - 48. Determine y(-8).
56
Let w(d) = 46*d - 19. Give w(10).
441
Let x(l) = 814*l - 5701. Calculate x(7).
-3
Let r(x) = 921*x - 3705. Calculate r(4).
-21
Let w(u) = -44*u - 94. Calculate w(5).
-314
Let r(q) = 28*q + 79. Determine r(-6).
-89
Let a(c) = -5*c**2 - 43*c - 194. What is a(-5)?
-104
Let a(q) = q**2 - 106*q - 2506. Give a(122).
-554
Let k(l) = 38*l + 1073. Calculate k(-28).
9
Let s(t) = -2027*t + 12165. What is s(6)?
3
Let q(z) = z**3 - 35*z**2 - 164*z + 229. What is q(39)?
-83
Let j(x) = -1939*x + 63987. What is j(33)?
0
Let b(g) = -4*g**2 - 360*g + 4021. Calculate b(-100).
21
Let h(d) = d**3 - 20*d**2 - 11*d + 26. What is h(20)?
-194
Let m(k) = 49*k - 531. Calculate m(0).
-531
Let d(j) = -2*j**3 - 24*j**2 - 6*j + 29. Determine d(-12).
101
Let f(o) = 21*o**3 - 3*o - 3. Give f(2).
159
Let o(y) = y**2 - 30*y + 6. Give o(33).
105
Let m(s) = -49*s**2 + 193*s. Give m(4).
-12
Let p(m) = m**2 - 18*m - 32. Give p(15).
-77
Let d(v) = -v**3 - 10*v**2 + 16*v + 15. What is d(-11)?
-40
Let z(h) = -h**3 - 29*h**2 - 24*h - 27. What is z(-28)?
-139
Let x(d) = d**3 + 25*d**2 - 91*d - 199. Calculate x(-28).
-3
Let f(d) = 343*d - 1910. Give f(6).
148
Let f(k) = k**3 - 17*k**2 + 15*k + 54. Give f(17).
309
Let s(r) = 2*r**2 - 74*r + 233. What is s(3)?
29
Let y(x) = -233*x + 16080. Determine y(69).
3
Let u(g) = -g**3 + 12*g**2 - 34*g + 1. Determine u(6).
13
Let s(n) = 97*n + 713. Determine s(-8).
-63
Let p(j) = j**3 + 24*j**2 + 32*j - 316. What is p(-22)?
-52
Let z(v) = 6*v**2 + 61*v - 448. Calculate z(5).
7
Let f(z) = 43*z - 3103. Determine f(72).
-7
Let k(i) = 5*i**2 + 42*i + 82. Calculate k(-5).
-3
Let i(k) = 97*k**2 + 15*k + 23. Calculate i(-2).
381
Let n(q) = -q**3 - 21*q**2 + 7*q - 54. Calculate n(-22).
276
Let h(k) = -20*k**2 + 98*k - 21. Give h(4).
51
Let t(n) = -n**3 + 14*n**2 - 72*n + 281. Calculate t(9).
38
Let s(b) = b**2 + 187*b - 2397. Give s(12).
-9
Let a(z) = -z**2 - 104*z - 1074. Determine a(-13).
109
Let p(k) = k**2 + 251*k + 2193. What is p(-9)?
15
Let j(u) = -2*u - 37. Calculate j(-25).
13
Let h(r) = 717*r + 12183. Calculate h(-17).
-6
Let j(y) = -200*y + 10. Give j(1).
-190
Let y(c) = -3*c**2 + 295*c - 5346. Give y(24).
6
Let r(c) = c**3 - 11*c**2 - 13*c + 68. Give r(7).
-219
Let u(i) = -i**3 - i**2 + 29*i - 90. Give u(-8).
126
Let n(h) = -h**3 - 104*h**2 + 109*h + 417. What is n(-105)?
-3
Let q(f) = f**3 - 7*f**2 - 23*f + 173. Determine q(6).
-1
Let i(y) = 84*y**2 - 1768*y + 14. Determine i(21).
-70
Let z(j) = 260*j**3 - 2*j**2 + 1. Calculate z(-1).
-261
Let k(f) = -f**2 - 66*f - 939. Calculate k(-23).
50
Let q(g) = 2*g**2 - 6*g - 30. Give q(-5).
50
Let f(k) = -k**2 + 108*k - 1056. What is f(11)?
11
Let f(j) = -j**2 - 15*j - 66. What is f(0)?
-66
Let n(k) = 1096*k - 8768. What is n(8)?
0
Let a(f) = -261*f - 1448. What is a(-5)?
-143
Let d(s) = s**3 - 5*s**2 + 17*s - 89. What is d(5)?
-4
Let o(z) = -z**3 - 15*z**2 - 28*z + 14. Determine o(-13).
40
Let b(k) = -k**3 + 2*k**2 + 2*k + 23. Determine b(7).
-208
Let o(y) = y**2 + 881*y - 11627. What is o(13)?
-5
Let h(l) = -226*l + 2939. What is h(13)?
1
Let m(a) = -11*a + 434. What is m(-5)?
489
Let w(v) = 13*v + 508. Calculate w(-19).
261
Let w(d) = -d**3 + 12*d**2 + 188*d + 8. Determine w(21).
-13
Let x(u) = 9*u - 231. Give x(26).
3
Let v(f) = -759*f - 280. Give v(-1).
479
Let m(c) = -c**3 - 5*c**2 + 18*c + 20. Determine m(-6).
-52
Let i(p) = p**3 - 13*p**2 - 24*p + 27. Calculate i(15).
117
Let k(p) = 678*p + 1980. Calculate k(-3).
-54
Let t(m) = -24*m + 210. Give t(9).
-6
Let s(u) = 3*u**2 - 74*u - 12. Give s(25).
13
Let n(x) = x**3 + 10*x**2 - 43*x + 68. Determine n(-13).
120
Let f(j) = j**3 - 13*j**2 + 49*j + 28. Calculate f(10).
218
Let h(v) = -94*v + 2. What is h(2)?
-186
Let q(s) = -s**3 - 91*s**2 + 397*s + 36123. Give q(-91).
-4
Let k(w) = 45*w - 20. Determine k(-2).
-110
Let g(z) = z**3 + 84*z**2 + 476*z + 586. Determine g(-78).
-38
Let h(z) = z**2 - 51*z + 314. Determine h(44).
6
Let i(b) = 59*b - 3539. Determine i(60).
1
Let m(x) = -3*x**2 + 2396*x + 19362. Calculate m(-8).
2
Let o(n) = -38*n**2 + 341*n + 6. Determine o(9).
-3
Let m(j) = -13*j + 416. Calculate m(42).
-130
Let d(u) = -186*u + 1197. Calculate d(7).
-105
Let s(k) = 3*k**2 - 206*k + 590. Calculate s(3).
-1
Let p(r) = -316*r - 1485. Determine p(-5).
95
Let w(g) = 9*g**2 - 45*g + 140. What is w(3)?
86
Let s(x) = -2*x**3 + 4*x**2 + 13*x + 9. Give s(-2).
15
Let x(w) = 2*w**2 - 3228*w - 9695. Give x(-3).
7
Let r(j) = 523*j + 72162. Calculate r(-138).
-12
Let b(j) = -j**3 - 3*j**2 + 73*j - 136. What is b(2)?
-10
Let y(f) = -1574*f - 9431. What is y(-6)?
13
Let z(w) = 89*w + 621. Give z(-7).
-2
Let x(t) = -116*t + 990. Give x(8).
62
Let t(c) = c**3 - 22*c**2 + 86*c + 15. Give t(17).
32
Let i(g) = 48*g**3 - 4*g**2 + 3*g - 1. What is i(2)?
373
Let x(m) = 52*m + 4471. Calculate x(-86).
-1
Let d(t) = -t**3 - 19*t**2 + 255*t + 81. Calculate d(-28).
-3
Let x(g) = 960*g + 5780. Give x(-6).
20
Let b(v) = -v**2 - 24*v - 168. Calculate b(-14).
-28
Let k(o) = 1906*o + 28546. Determine k(-15).
-44
Let l(d) = 9*d + 446. Calculate l(-10).
356
Let p(d) = -13*d - 385. Calculate p(-11).
-242
Let d(x) = -2*x**3 + 380*x**2 + 384*x - 379. Calculate d(191).
3
Let f(q) = -2*q**2 - 68*q - 344. Calculate f(-32).
-216
Let j(m) = 7093*m + 49658. What is j(-7)?
7
Let z(i) = -14*i**2 - 266*i - 6. Calculate z(-19).
-6
Let w(x) = x**3 - 4*x**2 + 10*x - 5. Determine w(4).
35
Let x(s) = -3*s**3 - 20*s**2 - 16. Calculate x(-6).
-88
Let x(o) = -o**3 + 12*o**2 - 9*o - 28. What is x(6)?
134
Let y(x) = -1206*x - 3626. Determine y(-3).
-8
Let k(j) = j**3 + 15*j**2 + 11*j + 170. Determine k(-15).
5
Let i(l) = -l**3 - 60*l**2 - 12*l - 717. Calculate i(-60).
3
Let f(b) = -8297*b + 41487. Calculate f(5).
2
Let j(b) = -2*b**2 - 143*b - 215. Determine j(-70).
-5
Let n(g) = 427*g + 439. Give n(-1).
12
Let v(t) = -t**2 + 30*t + 30. Determine v(0).
30
Let a(s) = 9*s**2 + 196*s + 2049. Determine a(-10).
989
Let d(u) = -20*u**2 + 239*u - 704. Give d(5).
-9
Let x(k) = -k**2 + 117*k + 614. Calculate x(-5).
4
Let a(f) = 19*f + 12. What is a(0)?
12
Let i(d) = 3*d**2 + 92*d + 236. What is i(-28)?
12
Let t(f) = -f**2 - 93*f + 2117. Determine t(19).
-11
Let l(n) = 2030*n - 133987. What is l(66)?
-7
Let c(j) = 2*j**2 - 26*j + 73. What is c(4)?
1
Let t(p) = -3*p**2 + 124*p - 5